mon divisor of 378 and 140?
14
What is the highest common divisor of 93888 and 12096?
576
Calculate the greatest common factor of 170367 and 4578.
327
What is the highest common divisor of 9116 and 12932?
212
Calculate the highest common factor of 1338 and 174.
6
What is the highest common factor of 64 and 1052?
4
What is the greatest common factor of 9006 and 52614?
474
Calculate the greatest common factor of 33 and 1331.
11
What is the greatest common factor of 56 and 12316136?
56
What is the greatest common factor of 1755 and 21915?
45
Calculate the highest common factor of 160 and 474920.
40
Calculate the greatest common divisor of 1040 and 21320.
520
Calculate the greatest common factor of 559 and 715.
13
What is the greatest common divisor of 12100 and 500?
100
What is the highest common factor of 14309 and 41?
41
Calculate the highest common factor of 27101 and 41.
41
Calculate the highest common factor of 360 and 84690.
90
Calculate the highest common divisor of 182 and 12493.
13
What is the greatest common divisor of 2894562 and 121?
121
Calculate the highest common divisor of 8496 and 28208.
16
Calculate the highest common factor of 28 and 24883264.
28
What is the greatest common factor of 2875132 and 52?
52
What is the highest common factor of 132012 and 6156?
684
What is the highest common divisor of 580 and 78300?
580
What is the greatest common divisor of 19509 and 127273?
929
Calculate the highest common divisor of 226149 and 3115.
623
Calculate the highest common factor of 56704 and 384.
128
What is the highest common factor of 22536 and 1008?
72
What is the greatest common divisor of 22419 and 20511?
477
Calculate the highest common divisor of 970 and 86718.
194
Calculate the greatest common factor of 1176 and 11688.
24
Calculate the highest common divisor of 199890 and 6.
6
What is the greatest common factor of 90 and 22158?
18
Calculate the highest common divisor of 82712 and 53312.
392
Calculate the greatest common divisor of 98 and 267092.
14
Calculate the highest common factor of 1627461 and 3553.
187
Calculate the highest common factor of 58 and 328019.
29
Calculate the highest common divisor of 1670 and 10.
10
Calculate the highest common divisor of 114006 and 138.
6
What is the greatest common divisor of 3728 and 102287?
233
Calculate the highest common factor of 328 and 121606.
82
What is the greatest common factor of 15 and 505?
5
Calculate the highest common divisor of 41 and 104755.
41
What is the greatest common divisor of 1081 and 6533?
47
Calculate the greatest common factor of 9 and 584109.
9
Calculate the greatest common divisor of 179536 and 229.
229
What is the greatest common divisor of 325444 and 532?
28
What is the greatest common divisor of 3705907 and 229?
229
Calculate the highest common divisor of 46342 and 9860.
986
What is the greatest common divisor of 4008 and 1221772?
668
Calculate the greatest common divisor of 3452015 and 95.
95
What is the greatest common factor of 2784 and 3306?
174
What is the highest common factor of 416 and 24323?
13
What is the highest common factor of 6762 and 288558?
138
Calculate the highest common factor of 1615 and 135375.
95
Calculate the highest common divisor of 1490 and 217242.
298
What is the greatest common divisor of 37163 and 14?
7
Calculate the greatest common divisor of 7028 and 112.
28
What is the highest common factor of 22711 and 611?
13
What is the highest common factor of 388 and 4388?
4
Calculate the highest common divisor of 3214601 and 2311.
2311
Calculate the greatest common factor of 44668 and 2600.
52
What is the highest common factor of 41888 and 1344?
224
What is the greatest common factor of 26106 and 526242?
1374
What is the highest common divisor of 18044 and 1664?
52
Calculate the highest common divisor of 4 and 83983.
1
What is the greatest common factor of 1755 and 109161?
351
What is the highest common factor of 75 and 118800?
75
What is the highest common factor of 558177 and 201?
201
What is the highest common divisor of 20237 and 5145?
343
Calculate the greatest common divisor of 452072 and 16.
8
What is the greatest common factor of 8 and 681064?
8
What is the highest common factor of 12051 and 10413?
117
Calculate the greatest common factor of 25365 and 855.
285
What is the greatest common factor of 6 and 30262?
2
What is the highest common factor of 1918 and 151933?
137
What is the highest common divisor of 1491861 and 931?
133
Calculate the greatest common divisor of 5075136 and 264.
264
What is the greatest common divisor of 10004 and 205?
41
What is the greatest common factor of 486401 and 3521?
503
What is the greatest common divisor of 20279 and 7?
7
Calculate the greatest common factor of 115650 and 3150.
450
What is the greatest common factor of 57248 and 32?
32
What is the greatest common divisor of 3632 and 16784?
16
What is the highest common factor of 32 and 16504?
8
What is the highest common factor of 10 and 6265440?
10
Calculate the greatest common factor of 741 and 18531.
3
What is the greatest common divisor of 42 and 109648?
14
Calculate the greatest common factor of 2909117 and 419.
419
Calculate the highest common factor of 100350 and 360.
90
Calculate the highest common factor of 459361 and 959.
959
Calculate the greatest common divisor of 1240 and 403.
31
Calculate the greatest common factor of 22050 and 15680.
490
What is the highest common factor of 65252 and 132?
44
What is the highest common factor of 304 and 10000?
16
What is the highest common divisor of 24724 and 28?
28
Calculate the highest common factor of 2052 and 4579.
19
What is the greatest common factor of 176 and 298771?
11
Calculate the greatest common divisor of 655188 and 2556.
852
What is the greatest common divisor of 42595 and 595?
35
Calculate the greatest common divisor of 122445 and 540.
135
Calculate the highest common divisor of 9435 and 777.
111
What is the greatest common divisor of 150 and 14890?
10
Calculate the greatest common factor of 1978 and 3182.
86
What is the greatest common divisor of 155950 and 50?
50
What is the highest common factor of 5138 and 8074?
734
Calculate the highest common divisor of 218004 and 666.
222
Calculate the greatest common divisor of 938476 and 44.
44
Calculate the greatest common divisor of 107 and 98.
1
Calculate the greatest common factor of 204 and 169908.
12
Calculate the greatest common divisor of 50098 and 19462.
74
What is the highest common factor of 1558 and 286558?
38
What is the highest common divisor of 393456 and 1008?
336
Calculate the greatest common divisor of 25539 and 33.
3
What is the highest common divisor of 174 and 280894?
58
What is the highest common divisor of 29997 and 9696?
303
Calculate the greatest common divisor of 105 and 94836.
21
Calculate the greatest common factor of 5557743 and 207.
207
What is the highest common divisor of 24625 and 2375?
125
Calculate the greatest common divisor of 16169 and 424649.
851
Calculate the greatest common factor of 83040 and 346.
346
What is the greatest common divisor of 35 and 203602?
7
Calculate the greatest common factor of 166 and 99766.
166
What is the highest common factor of 4998 and 15198?
102
Calculate the highest common divisor of 991644 and 340.
68
Calculate the highest common factor of 13662 and 2311914.
1518
What is the greatest common divisor of 2584 and 170?
34
What is the highest common factor of 540 and 6254550?
270
Calculate the highest common factor of 36 and 49986.
18
What is the greatest common divisor of 438 and 1899606?
438
Calculate the greatest common divisor of 272 and 4250.
34
Calculate the greatest common divisor of 156 and 448092.
12
Calculate the highest common factor of 4230 and 320.
10
Calculate the greatest common divisor of 31304 and 45136.
728
What is the greatest common divisor of 1152420 and 20?
20
What is the highest common factor of 5912 and 16?
8
What is the highest common divisor of 475 and 104785?
95
What is the highest common factor of 121 and 245025?
121
What is the highest common factor of 5166 and 504?
126
Calculate the greatest common factor of 3395862 and 1992.
498
What is the highest common divisor of 789 and 168583?
263
What is the greatest common divisor of 66346 and 518?
14
Wha